 + 4*r + 78. Suppose -4*s = -x + 5. What is the greatest common factor of s and 10?
10
Let u(q) = -q**2 - 3*q + 7. Let l be u(-5). Let g be 3 + 0 + l + 10. Calculate the highest common factor of 15 and g.
5
Let q(i) = 2*i**3 - 8*i**2 - 4*i. Let n be q(6). What is the greatest common divisor of 15 and n?
15
Let d = 28 - 16. Let w be d/18*(-3)/(-2). Let b be (-28)/(-6) + 1/3. Calculate the greatest common divisor of w and b.
1
Let u be ((6 - 3) + -8)/((-2)/34). Calculate the highest common factor of u and 17.
17
Suppose 11*x - 320 = 9*x. Calculate the highest common factor of 20 and x.
20
Let u(q) = -4*q + 18. Let z be u(-1). Calculate the highest common factor of 22 and z.
22
Suppose -8*l = -13*l + 190. What is the greatest common divisor of 152 and l?
38
Suppose 0 = -f + 5*h + 12, 2*f + 3*h = -2. Suppose -32 = -2*u - f*u + 5*n, 4*u + 2*n - 32 = 0. Calculate the highest common factor of u and 72.
8
Suppose 0*i = -2*i - 10. Let y(r) = r**2 + 3*r + 3. Let f be y(i). Suppose -4*o - j = -62, 3*o + 2*j = 31 + f. What is the highest common factor of 4 and o?
4
Let p = -75 + 85. Suppose 3*m - 224 = 4*g, 3*m = m - 3*g + 172. What is the highest common factor of p and m?
10
Suppose 0 = f - 8*d + 3*d - 22, 4*d + 50 = 2*f. Suppose 2*r + 2*h = 0, -2*h + 6 = 5*r - 3. What is the highest common divisor of r and f?
3
Let c(p) = 3*p**2 + 8*p + 7. Let i = 0 - 7. Let n be c(i). Calculate the greatest common factor of n and 14.
14
Let q(p) = -21*p + 9. Let i(u) = -u**3 - 5*u**2 - 3*u - 2. Let k be i(-4). Let b be q(k). What is the highest common divisor of 15 and b?
15
Let k = 3 - -7. Let q(v) = v**3 - 7*v**2 - 5*v + 1. Let w be 8/((-1 + 0)/(-1)). Let h be q(w). What is the highest common factor of k and h?
5
Let d(n) = -4*n. Let t be d(-1). Let w be 4*(0 + -3 + 10). What is the greatest common factor of w and t?
4
Let a(k) be the first derivative of k**4/4 + 2*k**3 - 4*k - 1. Let h be a(-5). Suppose -c - 91 = -238. What is the greatest common divisor of h and c?
21
Let k = 94 + -34. What is the greatest common divisor of 15 and k?
15
Let z(r) = -r**3 + 2*r**2 + 2. Let i be z(2). Suppose -5*h - 50 + i = -3*s, -3*h + 46 = 5*s. What is the highest common factor of s and 55?
11
Let g(p) = -1 + 14*p + 1 - 26*p**2 + 25*p**2. Let u be g(8). What is the highest common divisor of u and 32?
16
Suppose 0 = -h - 4*v + 24, 5*h + 15 - 78 = -v. What is the highest common divisor of 18 and h?
6
Suppose 0 = 4*s - 131 + 35. Calculate the highest common factor of 40 and s.
8
Let f = 81 - 66. Let d = 186 - 51. What is the highest common divisor of d and f?
15
Let i be 2 + 4 + 0 + 0. Let a be i/6 - (-8 - 1). Suppose 2*q + g = 4, 0 = -2*q - g - 3*g + a. What is the highest common divisor of q and 3?
1
Suppose -4*m + y + 454 = -2*m, 5*m + y - 1121 = 0. Let h be 5 + (-556)/(-28) - 1/(-7). Calculate the highest common factor of h and m.
25
Let o = 15 - 20. Let l = 10 - o. Calculate the highest common divisor of l and 30.
15
Let d = -2 + 4. Suppose 0 = -4*x + 19 + 1, 2*x = -d*h + 14. Suppose -h*s - 5 = -3*q, -4*q + 6 = -6*s + 3*s. What is the highest common divisor of 16 and s?
2
Let g(b) = 27*b**2 - 3*b + 1. Let j be g(2). Let u = 145 - j. Calculate the greatest common factor of 6 and u.
6
Let c = 17 + -7. Let o be ((-4)/3)/(4/(-150)). What is the highest common factor of o and c?
10
Let q = -21 - -40. What is the greatest common divisor of q and 209?
19
Let c(h) = -h**3 + 9*h**2 + 7*h - 12. Let v be c(9). Let y = 54 - 37. What is the highest common divisor of y and v?
17
Let i = -8 + 12. Suppose -i*a = 5 - 33. Calculate the greatest common factor of 35 and a.
7
Let t(o) = 4*o. Let q be t(-5). Let r = -12 - q. Calculate the greatest common factor of 4 and r.
4
Suppose 57 = 3*n + 15. What is the highest common divisor of n and 56?
14
Suppose -75 = 5*p - 20*p. Calculate the highest common divisor of 55 and p.
5
Suppose 0 = l + 4*w + 2, 55 = 3*l - w - 4. What is the greatest common divisor of 18 and l?
18
Suppose 3*d - 3*m = 87, d - 85 = -2*d + 5*m. Calculate the greatest common factor of d and 240.
30
Suppose 0 = -2*w + 4 + 4. Suppose -2*y + w*m = -40, 5*y = m + 3 + 61. What is the highest common divisor of y and 48?
12
Let q(t) be the second derivative of t + 0 + 1/6*t**3 + 0*t**2 + 1/12*t**4. Let i be q(-3). What is the greatest common divisor of i and 24?
6
Suppose -4*y = 3*j - 0 + 3, 4*j + 8 = -4*y. Calculate the greatest common divisor of 33 and y.
3
Let s(q) = 46*q - 2. Let f be s(2). Let v be (-1460)/15*3/2. Let c be 1/(-2) - v/4. What is the greatest common factor of c and f?
18
Let w = -32 + 101. Let v = w - 41. Let p(o) = o + 7. Let m be p(-3). Calculate the greatest common factor of m and v.
4
Let l(z) = -z**3 - 2*z**2 - 2*z - 1. Let j be l(-5). Let b be 24 - (12/(-2))/(-2). What is the greatest common factor of b and j?
21
Let u be ((-68)/6)/((-2)/6). Calculate the highest common divisor of u and 170.
34
Let k(w) = w**3 + 2*w**2 - 2*w - 1. Let t be k(2). Suppose -2*a = -2*q + 33 - t, 0 = -3*a - 9. Calculate the highest common factor of 88 and q.
8
Let u be 0/((3*-2)/3). Suppose 3*n = 3*o - 57, u = n - 3*n. What is the highest common divisor of 152 and o?
19
Let z be (21/(-14))/(6/16). Let h(u) = -2*u**3 + 2*u**2 + 4*u + 4. Let v be h(z). Suppose 0 = -3*y + v + 77. What is the greatest common factor of y and 30?
15
Let z = 198 - 120. Let k(q) = q**2 - 6. Let r be k(0). Let x = z - r. Calculate the greatest common divisor of x and 12.
12
Suppose -5*k + 14 - 4 = 0. Calculate the greatest common divisor of 46 and k.
2
Let q be 30/5 + 2 + -1. Calculate the greatest common factor of q and 56.
7
Let a be (-1)/(-2)*(199 + -7). What is the highest common factor of 12 and a?
12
Suppose 3*j + 3*m - 111 = 0, 2*j - 60 = 4*m + 32. Suppose -3*f = 0, -u - f + 20 = -0*u. Suppose u = -3*s + 5*s. What is the greatest common factor of s and j?
10
Suppose -3*l = -5*p - 190, -l + 41 = -4*p - 20. Let y be (-1)/(-2) - (-102)/4. Calculate the highest common divisor of l and y.
13
Let y = -2 - 1. Let n = 4 - y. Let d(q) = 56*q**2 - q + 1. Let l be d(1). What is the highest common divisor of n and l?
7
Let m = -23 + 50. Let d = m + -19. Calculate the highest common divisor of 2 and d.
2
Let t(g) be the third derivative of -g**4/24 + g**3/6 - g**2. Let h be t(0). Let w be (16 - h)*(3 - 2). What is the greatest common divisor of 30 and w?
15
Let z be ((-6)/(-10))/3 + 15480/100. Calculate the highest common factor of 62 and z.
31
Let f(i) = -24*i - 3. Let b be f(-4). Calculate the highest common divisor of b and 62.
31
Let w = -12 - -19. What is the greatest common factor of 1 and w?
1
Suppose 5*n - 9 = 26. Let q = -46 - -53. What is the greatest common divisor of n and q?
7
Suppose 162 = -w + 174. Calculate the highest common divisor of w and 84.
12
Let z(p) = -3*p**2 + 9*p - 12. Let k(s) = s**2 - 3*s + 4. Let t(b) = -17*k(b) - 6*z(b). Let n be t(4). Calculate the greatest common divisor of 56 and n.
8
Let w(t) = -t**3 + 9*t**2 - 12. Let z be w(8). Calculate the highest common factor of 13 and z.
13
Let p = 98 + -146. Let i = -3 + -23. Let n = i - p. Calculate the greatest common factor of n and 11.
11
Let j be 559/7 + (-12)/(-84). What is the highest common factor of j and 48?
16
Let d(a) = -a**3 - 9*a**2 - 11*a - 11. Let n be d(-8). Calculate the greatest common factor of 52 and n.
13
Suppose -18 = 2*r - 5*x, -4*x + 21 = 7*r - 2*r. Let s(u) = 0 + 2*u**2 + 5 + 6*u - 3. Let q be s(-4). Calculate the highest common factor of r and q.
1
Let t = 78 - 56. Let k = t - -23. Suppose -5*l + 37 + 8 = 0. What is the greatest common factor of l and k?
9
Let f(y) = 6*y**2 - 9*y + 7. Let w be f(7). Let l = w + -85. What is the greatest common divisor of l and 17?
17
Let i(h) = 3*h**2 - 10*h + 3. Let j(k) = -4*k**2 + 11*k - 2. Let u(w) = -3*i(w) - 2*j(w). Let p be u(5). What is the highest common factor of p and 10?
10
Let s = 15 - 13. What is the greatest common divisor of s and 4?
2
Let o(x) = -x**3 - 8*x**2 - 2*x + 8. Let a be o(-9). Let q = a + -58. Let u be 8 - (0 + -1)*-1. Calculate the highest common divisor of u and q.
7
Suppose 5*a + 32 = 3*f - 4, -5*f + 34 = -4*a. Let h be ((-8)/(-6))/(a/9). Let s be (-3 - h) + 15 + 2. What is the greatest common divisor of s and 8?
8
Suppose -13 - 7 = -5*z. Suppose z*r 